19 a composite number?
False
Is 649457 a composite number?
False
Is 84895 a prime number?
False
Is 663035 composite?
True
Is 16499 a prime number?
False
Is 821 a prime number?
True
Is 39359 a composite number?
False
Is 60397 composite?
False
Is 251 a prime number?
True
Is 48641 a prime number?
False
Is 4049 a composite number?
False
Is 137233 a composite number?
True
Is 5251 prime?
False
Is 109627 prime?
False
Is 38633 composite?
True
Is 17257 composite?
False
Is 16153 a composite number?
True
Is 21309 a prime number?
False
Is 307 a prime number?
True
Is 345266 prime?
False
Is 16291 a composite number?
True
Is 3517093 composite?
False
Is 54973 composite?
False
Is 553765 a prime number?
False
Is 106531 prime?
True
Is 3491 prime?
True
Is 14189 a composite number?
True
Is 1337 prime?
False
Is 4349 composite?
False
Is 1254382 a prime number?
False
Is 1423685 a prime number?
False
Is 559667 a prime number?
True
Is 5833 a composite number?
True
Is 546901 prime?
False
Is 233969 prime?
True
Is 17657 composite?
False
Is 2162659 a composite number?
False
Is 209822 composite?
True
Is 20518 prime?
False
Is 210139 composite?
False
Is 2245 a prime number?
False
Is 630017 a composite number?
False
Is 46741 composite?
True
Is 324361 composite?
False
Is 4343 a prime number?
False
Is 130129 composite?
True
Is 45161 a composite number?
False
Is 1719682 a prime number?
False
Is 56561 a composite number?
True
Is 391847 a prime number?
True
Is 135311 prime?
False
Is 23315 prime?
False
Is 2633 composite?
False
Is 2111 a composite number?
False
Is 787 a composite number?
False
Is 14822 prime?
False
Is 820991 a composite number?
False
Is 13793 a composite number?
True
Is 767449 composite?
True
Is 400339 composite?
False
Is 229871 composite?
True
Is 52489 prime?
True
Is 67813 a prime number?
False
Is 959159 composite?
False
Is 1057 prime?
False
Is 593 prime?
True
Is 7114 a composite number?
True
Is 26911 composite?
True
Is 8923 composite?
False
Is 121749 composite?
True
Is 152519 composite?
False
Is 182527 prime?
False
Is 4414 a composite number?
True
Is 38431 prime?
True
Is 520178 a prime number?
False
Is 159727 prime?
False
Is 42565 a composite number?
True
Is 2124791 a prime number?
True
Is 267823 prime?
False
Is 3450445 prime?
False
Is 9277 composite?
False
Is 12131 prime?
False
Is 7697 composite?
True
Is 43661 a prime number?
True
Is 15373 composite?
False
Is 62939 a prime number?
True
Is 354203 a composite number?
True
Is 414139 a composite number?
True
Is 13661 a prime number?
False
Is 2688879 composite?
True
Is 138543 prime?
False
Is 1609301 prime?
True
Is 33079 a prime number?
False
Is 1167 prime?
False
Is 14581 a composite number?
True
Is 237137 a prime number?
True
Is 21207 composite?
True
Is 300107 prime?
False
Is 14207 prime?
True
Is 159977 a prime number?
True
Is 580631 prime?
True
Is 179039 a prime number?
False
Is 5971 a prime number?
False
Is 263699 prime?
False
Is 147313 composite?
True
Is 52401 a composite number?
True
Is 2563 a composite number?
True
Is 4497 a prime number?
False
Is 321767 a prime number?
False
Is 14369 a composite number?
False
Is 35393 composite?
False
Is 36479 a prime number?
True
Is 28123 a composite number?
False
Is 364643 a prime number?
True
Is 2203 a prime number?
True
Is 17077 prime?
True
Is 1770787 a composite number?
False
Is 9913 a prime number?
False
Is 1555 a prime number?
False
Is 11983 a prime number?
False
Is 7827 a composite number?
True
Is 6421 composite?
False
Is 28319 prime?
True
Is 545161 composite?
False
Is 19813 prime?
True
Is 1086577 a composite number?
True
Is 109159 a prime number?
True
Is 4637 prime?
True
Is 267609 prime?
False
Is 203119 prime?
False
Is 2649173 a composite number?
False
Is 71537 a composite number?
False
Is 27323 composite?
True
Is 236261 composite?
False
Is 8641 a composite number?
False
Is 197737 prime?
False
Is 448567 a composite number?
True
Is 13201 a prime number?
False
Is 429659 composite?
False
Is 1359571 prime?
True
Is 247991 composite?
False
Is 370811 a prime number?
False
Is 19787 a composite number?
True
Is 20222 composite?
True
Is 51083 prime?
False
Is 17609 prime?
True
Is 2426 a composite number?
True
Is 16661 a composite number?
False
Is 4091 a prime number?
True
Is 22603 composite?
True
Is 3899 prime?
False
Is 50305 a composite number?
True
Is 104021 a prime number?
True
Is 19634 composite?
True
Is 869 a prime number?
False
Is 1706897 composite?
False
Is 90481 a prime number?
True
Is 32735 a composite number?
True
Is 70639 a prime number?
True
Is 46173 prime?
False
Is 25439 a composite number?
False
Is 10091 a prime number?
True
Is 12029 prime?
False
Is 25247 a composite number?
False
Is 757879 composite?
False
Is 83891 a prime number?
True
Is 531383 a composite number?
False
Is 99551 prime?
True
Is 21667 composite?
True
Is 108913 composite?
True
Is 352739 prime?
True
Is 333541 prime?
False
Is 132137 prime?
True
Is 18623 a composite number?
True
Is 1049 composite?
False
Is 43283 a prime number?
True
Is 56941 composite?
False
Is 317581 a composite number?
True
Is 82237 a composite number?
False
Is 182333 composite?
False
Is 1361 a composite number?
False
Is 13791 composite?
True
Is 128813 a composite number?
False
Is 68633 a prime number?
True
Is 148034 a prime number?
False
Is 68311 a prime number?
True
Is 6389 composite?
False
Is 10977 a composite number?
True
Is 4373 prime?
True
Is 12147 prime?
False
Is 156602 prime?
False
Is 187631 prime?
True
Is 379483 a prime number?
False
Is 94709 a prime number?
True
Is 2262479 a prime number?
False
Is 50761 composite?
True
Is 107563 prime?
True
Is 1574722 composite?
True
Is 2723 a prime number?
False
Is 2095 a composite number?
True
Is 12821 prime?
True
Is 3906137 a prime number?
True
Is 39469 a prime number?
False
Is 19742 prime?
False
Is 33083 a prime number?
True
Is 207889 prime?
False
Is 7151 composite?
False
Is 59183 prime?
True
Is 5669 a prime number?
True
Is 44263 a prime number?
True
Is 30731 prime?
False
Is 111653 a prime number?
True
Is 2078 a composite number?
True
Is 3821 a prime number?
True
Is 30641 prime?
False
Is 390953 prime?
True
Is 474767 composite?
True
Is 29399 composite?
False
Is 97993 a prime number?
False
Is 333383 a prime number?
True
Is 1523 prime?
True
Is 216523 composite?
False
Is 1943 prime?
False
Is 286669 prime?
False
Is 71935 prime?
False
Is 3481 prime?
False
Is 235069 composite?
False
Is 5779 prime?
True
Is 102761 a prime number?
True
Is 19907 prime?
False
Is 58538 a prime number?
False
Is 185089 prime?
True
Is 22229 prime?
True
Is 80119 prime?
False
Is 4861 prime?
True
Is 128411 prime?
True
Is 2796289 a prime number?
False
Is 48847 composite?
False
Is 285581 composite?
True
Is 86327 composite?
True
Is 390917 composite?
True
Is 104459 prime?
True
Is 328961 composite?
False
Is 95 prime?
False
Is 45599 a composite number?
False
Is 61651 a prime number?
True
Is 340279 prime?
False
Is 205049 prime?
False
Is 869035 prime?
False
Is 32894 composite?
True
Is 8819 prime?
True
Is 12875327 prime?
True
Is 887 composite?
False
Is 26479 a prime number?
True
Is 7418 prime?
False
Is 172279 a prime number?
True
Is 1631 composite?
True
Is 298513 a composite number?
False
Is 16477 prime?
True
Is 2543 composite?
False
Is 7151 a composite number?
False
Is 107435 prime?
False
Is 1193 a composite number?
False
Is 13963 a composite number?
False
Is 47681 composite?
False
Is 34909 prime?
False
Is 576005 a prime number?
False
Is 17513 prime?
False
Is 62461 a prime number?
False
Is 218819 a prime number?
True
Is 919859 prime?
True
Is 8309 a prime number?
False
Is 1479307 composite?
True
Is 174913 prime?
False
Is 77657 composite?
True
Is 188477 composite?
True
Is 300946 a prime number?
False
Is 19946 a composite number?
True
Is 229487 a composite number?
False
Is 1898959 a prime number?
True
Is 2594765 a composite number?
True
Is 369647 a prime number?
True
Is 41889 composite?
True
Is 497793 a prime number?
False
Is 47903 composite?
False
Is 221887 a composite number?
True
Is 55439 prime?
True
Is 7753 composite?
False
Is 260951 a prime number?
True
Is 1467157 composite?
False
Is 1167 prime?
False
Is 3695 a prime number?
False
Is 44747 a prime number?
False
Is 1997626 prime?
False
Is 52913 composite?
True
Is 29383 composit